= b. Suppose -2*d - 6 = 2*g + d, d = 3*g - 13. Suppose 0*f = -g*f. What is k(f)?
0
Let b(o) = o**2 + 10*o - 11. Let x be b(-11). Let c(r) = -r. Let v(j) = -2*j + 2. Let p(i) = -c(i) + v(i). Determine p(x).
2
Let k = 27 - 35. Let p be (k/(-16))/(1/(-12)). Let l(b) = b**3 + 6*b**2 - b - 5. Determine l(p).
1
Let a(j) = -4*j. Let f(y) = -y**3 - 3*y**2 - 3*y - 1. Let c be f(-2). Let q be a(c). Let u(l) = -l - 6. What is u(q)?
-2
Let g(o) be the first derivative of -o**4/8 + o**3/2 + o**2 + 3. Let j(i) be the second derivative of g(i). Let c(z) = -z + 2. Let d be c(-2). What is j(d)?
-9
Suppose o - 3 = -2. Let b(s) = -s**2 + s + 3*s**2 - 5*s + o. Let p be 22/6 + (-22)/33. Give b(p).
7
Let k(d) = 7 + 17*d - 9*d - 7*d. What is k(-5)?
2
Let v(g) be the third derivative of g**9/60480 + g**8/20160 - g**7/5040 + g**6/720 + 3*g**5/20 - g**2. Let x(q) be the third derivative of v(q). Give x(-2).
-1
Let x be (1 + -4)/(1/(-1)). Let h(j) be the first derivative of -j**3/3 + j**2/2 - 1. Give h(x).
-6
Let s(o) be the first derivative of -o**4/12 + 2*o**3/3 - 5*o**2/2 - 5. Let t(l) be the second derivative of s(l). Let j = -8 + 13. Calculate t(j).
-6
Suppose -o + 6*o = 0. Let r(m) = o*m - 4*m + 3*m. Let y be 6 + -1 + -10 + 10. What is r(y)?
-5
Let a = -5 + -1. Let g(r) = -2*r - 9. Let d(v) = -3*v - 17. Let c(u) = -4*d(u) + 7*g(u). Determine c(a).
17
Let z(i) = 3*i**3 + i**2 - 2*i**3 + 0*i + 4 + i. Let x be z(0). Let t(w) = 2*w - 3. Determine t(x).
5
Let q(d) be the second derivative of -d - 2*d**2 + 1/6*d**3 + 0. Suppose 2*o - o = 2. What is q(o)?
-2
Suppose 0 = v - 4*v + 12. Let m(j) be the first derivative of 2 + j + 1/4*j**v - 5/2*j**2 + j**3. Give m(-4).
5
Let q(t) = 12*t**3 - 1. Suppose 0 = -3*o + 5*o + 2. Let n be (-1 - (3 - 3))/o. What is q(n)?
11
Let t(b) be the third derivative of -b**4/24 + 4*b**3/3 - 13*b**2. Give t(8).
0
Let n(b) = -b - 1. Let g(x) = x + 4. Let t be g(-9). Let h = t + 9. Suppose -h = -2*y + 6*y. What is n(y)?
0
Let h = -6 + 8. Let i(d) = d**2 - 15*d + 2. Let k be i(15). Let b(y) = 3*y**2 + h*y + 0*y**k + 1 - 4*y**2. Give b(2).
1
Let s = -2 - -1. Suppose 6*y - 5 = 1. Let i(z) = 4 + y - 4 - 39*z + 33*z. What is i(s)?
7
Let d(j) = -5*j**2 + 1. Let v be d(1). Let i(w) = -2*w + 3. Let s(z) = -z - 1. Let l(b) = -i(b) + 3*s(b). What is l(v)?
-2
Suppose -148*o = -144*o + 20. Let p(l) = l**3 + 4*l**2 - 6*l - 4. Give p(o).
1
Let r be 0 - -4 - (0 + 2). Let d(n) = 6 + n - r + n - 2. Give d(-4).
-6
Let a be (0 + 9/6)*2. Let t(h) = h - 17 - 3*h**a + 0*h**3 + 18 - h**2. Suppose 0*w = -5*w - 5. Determine t(w).
2
Let i(c) = 2*c + 2. Let b = -12 - -17. Let o be i(b). Suppose -5*z - o = 13. Let r(h) = h**3 + 6*h**2 + 5*h + 1. Give r(z).
1
Let y(c) be the third derivative of c**5/30 + c**4/24 + c**2. Let v = -1 + 0. What is y(v)?
1
Let s be (-2)/(-5) + (36/(-15))/(-4). Let c(m) be the second derivative of -4*m**3/3 + m**2/2 + 2*m. Give c(s).
-7
Let i(n) = -2*n**3 - 2 - 2 + n**3 + 3*n**2 + 2*n**3. Determine i(-3).
-4
Let b(n) = -5*n**2 + 0*n**3 - 8*n + 0*n + n**3. What is b(6)?
-12
Let s(k) = -2*k**2 - k - 1. Let f(w) = -w**3 - 4*w**2 + 5*w + 1. Let y be f(-5). Suppose -3 + y = -p. Determine s(p).
-11
Suppose -3 - 5 = -4*a. Suppose 5 = -m, 0 = 2*w + m - a*m + 3. Let k(h) = -h**3 - 5*h**2 - 5*h - 1. What is k(w)?
3
Let h be ((-3)/(-1))/(12/16). Let j(x) = x - x + 3*x - h*x - 2. Let g = 15 - 21. What is j(g)?
4
Let r be (-45)/(-20) + 3/(-12) + 0. Let l(b) = b - 2. Give l(r).
0
Let x(d) = 7 - 5*d + 4*d - 7. Let g = -8 - -11. What is x(g)?
-3
Let q = -30 - -32. Let u(i) = i**3 - 4*i**2 + 4*i - 3. Calculate u(q).
-3
Suppose -c = -0 - 3. Let l(n) = n + c*n - 1 - 3*n. Let h = 30 + -31. Determine l(h).
-2
Suppose -u - 25 = -4*p, 0*p + 10 = -3*p - 5*u. Let l(r) = r**3 - 6*r**2 + 4*r + 4. Calculate l(p).
-1
Let c(z) be the first derivative of -z**3/3 - 7*z - 1. Let a = 0 - 1. Let v be (1 + a)/(5 + -4). Determine c(v).
-7
Let k = 20 + -15. Let q(w) = -w + 7. Calculate q(k).
2
Suppose 2*c = -2*a + 6, -3*c + 5 = 3*a - 4*c. Let p = a - 0. Let t(n) = -p*n**3 + 0*n**3 - n**2 + 3*n**3 + n + 5. Calculate t(0).
5
Let h(l) = -5*l + 4*l + 4*l**2 - 4*l + 2*l**2 - 5 - l**3. Determine h(5).
-5
Suppose -j - 2 + 21 = -3*s, -4*j + 28 = -4*s. Let x(w) = w - 4. Let p(y) = -2*y + 8. Let h(q) = -6*p(q) - 11*x(q). Determine h(s).
-10
Suppose 5*o - 37 = 3. Let h = 8 - o. Let c(y) = -8 + h*y - 2*y + 4. What is c(-4)?
4
Let v(a) be the second derivative of a**4 - a**2/2 - 10*a. Give v(-1).
11
Let k(m) = m**3 - 7*m**2 + 7*m - 6. Suppose 0 = h - 6 - 0. Determine k(h).
0
Let a(x) = 4*x - 1. Let o(n) = 9*n - 2. Let p(r) = -15*a(r) + 6*o(r). Calculate p(3).
-15
Let b(y) = -2*y - 3. Let x(c) = c**2 + 2*c + 5. Let r be x(-6). Suppose -7 = -k - m + 1, -r = -3*k - 4*m. Let v be k*(-2)/1 - -2. Calculate b(v).
5
Let v be 12/8*(-4)/(-3). Let a be (1/1)/(1/v). Suppose -1 = -2*b + t, -a*b - 4*t = -0*b - 6. Let k(m) = 3*m - 1. What is k(b)?
2
Let n(c) = 2*c - c**3 - 4 + 1 + 2 + 2. What is n(2)?
-3
Let v(l) be the third derivative of -l**6/120 - l**5/10 + l**4/24 + l**3/6 + 4*l**2. Determine v(-6).
-5
Let j(z) = -2*z + 13. Let v be j(8). Let y(k) be the second derivative of -k**6/360 + k**4/6 - k. Let x(l) be the third derivative of y(l). Calculate x(v).
6
Let z(y) be the second derivative of 0 + 1/30*y**5 + 0*y**2 + 2*y + 0*y**3 - 1/6*y**4 + 1/720*y**6. Let w(o) be the third derivative of z(o). Give w(0).
4
Let x(p) = -3*p**2 + 8*p - 5. Let l(r) = r**2 - 3*r + 2. Let s(o) = -8*l(o) - 3*x(o). Give s(1).
0
Let a(z) = -4*z**2 + 19*z - 22. Let y(m) = 3*m**2 - 13*m + 15. Let u(n) = 5*a(n) + 7*y(n). Determine u(-6).
7
Let q(z) = z**2 - 3*z. Let j be q(4). Let m(h) = 2*h + j*h**2 + 3*h - 1 - 5*h**2. Give m(5).
-1
Let i(u) = 5 - 3*u**3 + 2*u**3 - u**2 + 6*u**2 + 3*u - 9*u. Let f be i(4). Let y = -2 - f. Let v(n) = 5*n**3 + n**2 - n + 1. Give v(y).
6
Suppose -4*q + 2*b + 2 = 0, 2*q + 5*b = 4*q + 11. Let h(a) = -2*a**2 + 3 - 3*a - q*a + 4*a - 2*a**3 + 3*a. Calculate h(-2).
7
Let k(h) = -41 - h - 50 + 97. Suppose 5*p - 45 = -4*q, p = 5*q - 18 - 2. What is k(q)?
1
Let v(l) = -l**3 - 5*l**2 - 2*l - 1. Suppose 0 = -6*g + 3*g + 5*u - 32, 0 = -g + 4*u - 20. Calculate v(g).
-9
Let j be ((-3 - -8) + -2)/(18/(-12)). Let p(h) = -6*h - 3. Calculate p(j).
9
Suppose -3*o + 26 = -o - 5*t, 0 = 4*o + 4*t + 4. Let u(m) = m**2 - 2*m - 2. Calculate u(o).
1
Let m(b) = -1. Let v(q) = -q + 13. Let i(l) = 2*l**2 + 2*l - 2. Let t be i(1). Let n(j) = t*m(j) + v(j). Calculate n(0).
11
Let d(v) be the second derivative of 7*v**4/6 - v**2/2 + 15*v. What is d(1)?
13
Let z(c) = -c**2 + 3. Suppose -20 = -5*p, 2*b + 3*p + p - 16 = 0. Suppose -2*x + b*g + 3*g = 12, 4*x = -5*g - 2. Give z(x).
-6
Let n(r) = 27*r + 29*r - 86*r + 32*r. Give n(5).
10
Suppose -4*r = -2*n + 4, n = 2*r + r + 1. Let d(j) = 4*j**3 + 2*j**2 - 2*j + 1. Give d(r).
5
Let u(l) = -l**3 - l**2 + l + 8. Let a be 6/5 + 28/35. Suppose 3*z + 10 = a*z + 2*d, -2*z - d = -5. What is u(z)?
8
Let q = -2 + 1. Let y = -1 - 0. Let l be ((1 + -1)/q)/y. Let p(i) = i**3 + i**2 + i. What is p(l)?
0
Let j(f) = 4*f + 55. Let s be j(-13). Let q(x) = x**2 - 5*x. What is q(s)?
-6
Let h(v) = v - 4. Let q = 12 + -5. Suppose 0 = q*u - 3*u - 24. Calculate h(u).
2
Let c(q) = -q**2 - 5*q - 6. Let d(t) = -t + 14. Let i be d(20). Determine c(i).
-12
Let o(a) = -a**2 + 0*a + 6 + 8*a + 2*a**2. Let f = -58 - -53. Determine o(f).
-9
Let a(i) = -i**3 - 5*i**2 - i + 3. Suppose 2*b - 5 + 13 = 0. Calculate a(b).
-9
Let l(p) = p**2 - 3*p - 6. Suppose -4*t - 60 = -4*m - 0*t, 31 = 2*m - 3*t. Suppose -13 = 4*u + 7, 4*g - m = -2*u. What is l(g)?
12
Let u(c) = -2*c**2 - 7*c + 3. Let h(s) = -3*s**2 - 7*s + 3. Let y(g) = -3*h(g) + 4*u(g). Let i(o) = -o**2 + 7*o. Let b be i(6). Determine y(b).
-3
Let n = -5 + 1. Let l(b) = -b**2 - b + 3. Give l(n).
-9
Let m(t) be the first derivative of t**3/3 - t**2 - 25. What is m(-3)?
15
Let k be 4/26 + (-106)/13. Let i(q) = q**2 + 7*q - 8. Determine i(k).
0
Let q(y) = y**2 + 2. Let h(k) = -8*k**2 + k**2 + 6 - 5*k - k**3 + 0*k**3. Let s = -8 - -2. Let c be h(s). Determine q(c).
2
Let w(h) = h - 1. Let t be 1/((-6)/(-4))*3. Let l(y) = -y + 4. Let m(n) = t*w(n) + l(n). Calculate m(-2).
0
Let a(j) = -4*j - 1. Let p(k) = 5*k + 2. Let x(f) = 4*a(f) + 3*p(f). Let u = 0 - 0. Give x(u).
2
Le